[INFO] fetching crate rustpython 0.1.2...
[INFO] checking rustpython-0.1.2 against master#9610dfe5a9a731ced1ea4923ecbd0c57fe367898 for beta-170-4
[INFO] extracting crate rustpython 0.1.2 into /workspace/builds/worker-0-tc1/source
[INFO] validating manifest of crates.io crate rustpython 0.1.2 on toolchain 9610dfe5a9a731ced1ea4923ecbd0c57fe367898
[INFO] running `Command { std: CARGO_HOME="/workspace/cargo-home" RUSTUP_HOME="/workspace/rustup-home" "/workspace/cargo-home/bin/cargo" "+9610dfe5a9a731ced1ea4923ecbd0c57fe367898" "metadata" "--manifest-path" "Cargo.toml" "--no-deps", kill_on_drop: false }`
[INFO] started tweaking crates.io crate rustpython 0.1.2
[INFO] finished tweaking crates.io crate rustpython 0.1.2
[INFO] tweaked toml for crates.io crate rustpython 0.1.2 written to /workspace/builds/worker-0-tc1/source/Cargo.toml
[INFO] crate crates.io crate rustpython 0.1.2 already has a lockfile, it will not be regenerated
[INFO] running `Command { std: CARGO_HOME="/workspace/cargo-home" RUSTUP_HOME="/workspace/rustup-home" "/workspace/cargo-home/bin/cargo" "+9610dfe5a9a731ced1ea4923ecbd0c57fe367898" "fetch" "--manifest-path" "Cargo.toml", kill_on_drop: false }`
[INFO] [stderr]     Updating crates.io index
[INFO] [stderr]  Downloading crates ...
[INFO] [stderr]   Downloaded unic-ucd-normal v0.9.0
[INFO] [stderr]   Downloaded unic-ucd-bidi v0.9.0
[INFO] [stderr]   Downloaded unic-ucd-ident v0.9.0
[INFO] [stderr]   Downloaded rustyline v6.1.0
[INFO] [stderr]   Downloaded docopt v1.1.0
[INFO] [stderr]   Downloaded subprocess v0.2.4
[INFO] [stderr]   Downloaded lalrpop-util v0.17.2
[INFO] [stderr]   Downloaded statrs v0.12.0
[INFO] [stderr]   Downloaded arr_macro_impl v0.1.3
[INFO] [stderr]   Downloaded arr_macro v0.1.3
[INFO] [stderr]   Downloaded flamescope v0.1.1
[INFO] [stderr]   Downloaded unic-emoji-char v0.9.0
[INFO] [stderr]   Downloaded unic-ucd-age v0.9.0
[INFO] [stderr]   Downloaded static_assertions v0.3.4
[INFO] [stderr]   Downloaded instant v0.1.4
[INFO] [stderr]   Downloaded dirs-next v1.0.1
[INFO] [stderr]   Downloaded dns-lookup v1.0.1
[INFO] [stderr]   Downloaded backtrace v0.3.41
[INFO] [stderr]   Downloaded blake2 v0.8.1
[INFO] [stderr]   Downloaded cpython v0.2.1
[INFO] [stderr]   Downloaded result-like v0.2.1
[INFO] [stderr]   Downloaded dirs-sys-next v0.1.0
[INFO] [stderr]   Downloaded python3-sys v0.2.1
[INFO] [stderr]   Downloaded lexical v4.0.0
[INFO] [stderr]   Downloaded failure v0.1.7
[INFO] [stderr]   Downloaded flame v0.2.2
[INFO] [stderr]   Downloaded schannel v0.1.18
[INFO] [stderr]   Downloaded ena v0.13.1
[INFO] [stderr]   Downloaded bit-set v0.5.1
[INFO] [stderr]   Downloaded smallbox v0.8.0
[INFO] [stderr]   Downloaded unic-normal v0.9.0
[INFO] [stderr]   Downloaded ordermap v0.3.5
[INFO] [stderr]   Downloaded rustpython-parser v0.1.2
[INFO] [stderr]   Downloaded generational-arena v0.2.3
[INFO] [stderr]   Downloaded rustpython-vm v0.1.2
[INFO] [stderr]   Downloaded string_cache v0.7.5
[INFO] [stderr]   Downloaded bstr v0.2.12
[INFO] [stderr]   Downloaded unicode_names2 v0.4.0
[INFO] [stderr]   Downloaded caseless v0.2.1
[INFO] [stderr]   Downloaded lexical-core v0.6.2
[INFO] [stderr]   Downloaded build_const v0.2.1
[INFO] [stderr]   Downloaded mt19937 v1.0.1
[INFO] [stderr]   Downloaded openssl-src v111.8.1+1.1.1f
[INFO] [stderr]   Downloaded dirs v2.0.1
[INFO] [stderr]   Downloaded unicode-casing v0.1.0
[INFO] [stderr]   Downloaded failure_derive v0.1.7
[INFO] [stderr]   Downloaded rustc_version_runtime v0.1.5
[INFO] [stderr]   Downloaded byteorder v0.5.3
[INFO] [stderr]   Downloaded lz4-compress v0.1.1
[INFO] [stderr]   Downloaded rustpython-bytecode v0.1.2
[INFO] [stderr]   Downloaded rustpython-derive v0.1.2
[INFO] [stderr]   Downloaded ascii-canvas v2.0.0
[INFO] [stderr]   Downloaded rustpython-compiler v0.1.2
[INFO] [stderr]   Downloaded bit-vec v0.5.1
[INFO] [stderr]   Downloaded string_cache_shared v0.3.0
[INFO] [stderr]   Downloaded unic-ucd-hangul v0.9.0
[INFO] [stderr]   Downloaded paste v0.1.10
[INFO] [stderr]   Downloaded lock_api v0.4.0
[INFO] [stderr]   Downloaded flamer v0.3.0
[INFO] [stderr]   Downloaded unic-bidi v0.9.0
[INFO] [stderr]   Downloaded gethostname v0.2.1
[INFO] [stderr]   Downloaded paste-impl v0.1.10
[INFO] [stderr]   Downloaded pwd v1.3.0
[INFO] [stderr]   Downloaded string_cache_codegen v0.4.4
[INFO] [stderr]   Downloaded lalrpop v0.17.2
[INFO] [stderr]   Downloaded hexf-parse v0.1.0
[INFO] [stderr]   Downloaded volatile v0.2.6
[INFO] [stderr]   Downloaded is-macro v0.1.8
[INFO] running `Command { std: "docker" "create" "-v" "/var/lib/crater-agent-workspace/builds/worker-0-tc1/target:/opt/rustwide/target:rw,Z" "-v" "/var/lib/crater-agent-workspace/builds/worker-0-tc1/source:/opt/rustwide/workdir:ro,Z" "-v" "/var/lib/crater-agent-workspace/cargo-home:/opt/rustwide/cargo-home:ro,Z" "-v" "/var/lib/crater-agent-workspace/rustup-home:/opt/rustwide/rustup-home:ro,Z" "-e" "SOURCE_DIR=/opt/rustwide/workdir" "-e" "CARGO_TARGET_DIR=/opt/rustwide/target" "-e" "CARGO_HOME=/opt/rustwide/cargo-home" "-e" "RUSTUP_HOME=/opt/rustwide/rustup-home" "-w" "/opt/rustwide/workdir" "-m" "1610612736" "--user" "0:0" "--network" "none" "ghcr.io/rust-lang/crates-build-env/linux@sha256:19e73879b68f455e41552ea35293514db52ea292d993f571636dbffedb77a1ee" "/opt/rustwide/cargo-home/bin/cargo" "+9610dfe5a9a731ced1ea4923ecbd0c57fe367898" "metadata" "--no-deps" "--format-version=1", kill_on_drop: false }`
[INFO] [stdout] e89878b9f669ac553a28283bb35d5765b60e2c74193b9bc8336700c3f79635e5
[INFO] running `Command { std: "docker" "start" "-a" "e89878b9f669ac553a28283bb35d5765b60e2c74193b9bc8336700c3f79635e5", kill_on_drop: false }`
[INFO] running `Command { std: "docker" "inspect" "e89878b9f669ac553a28283bb35d5765b60e2c74193b9bc8336700c3f79635e5", kill_on_drop: false }`
[INFO] running `Command { std: "docker" "rm" "-f" "e89878b9f669ac553a28283bb35d5765b60e2c74193b9bc8336700c3f79635e5", kill_on_drop: false }`
[INFO] [stdout] e89878b9f669ac553a28283bb35d5765b60e2c74193b9bc8336700c3f79635e5
[INFO] running `Command { std: "docker" "create" "-v" "/var/lib/crater-agent-workspace/builds/worker-0-tc1/target:/opt/rustwide/target:rw,Z" "-v" "/var/lib/crater-agent-workspace/builds/worker-0-tc1/source:/opt/rustwide/workdir:ro,Z" "-v" "/var/lib/crater-agent-workspace/cargo-home:/opt/rustwide/cargo-home:ro,Z" "-v" "/var/lib/crater-agent-workspace/rustup-home:/opt/rustwide/rustup-home:ro,Z" "-e" "SOURCE_DIR=/opt/rustwide/workdir" "-e" "CARGO_TARGET_DIR=/opt/rustwide/target" "-e" "CARGO_INCREMENTAL=0" "-e" "RUST_BACKTRACE=full" "-e" "RUSTFLAGS=--cap-lints=forbid" "-e" "RUSTDOCFLAGS=--cap-lints=forbid" "-e" "CARGO_HOME=/opt/rustwide/cargo-home" "-e" "RUSTUP_HOME=/opt/rustwide/rustup-home" "-w" "/opt/rustwide/workdir" "-m" "1610612736" "--user" "0:0" "--network" "none" "ghcr.io/rust-lang/crates-build-env/linux@sha256:19e73879b68f455e41552ea35293514db52ea292d993f571636dbffedb77a1ee" "/opt/rustwide/cargo-home/bin/cargo" "+9610dfe5a9a731ced1ea4923ecbd0c57fe367898" "check" "--frozen" "--all" "--all-targets" "--message-format=json", kill_on_drop: false }`
[INFO] [stdout] 3b2cd6485fabf77e7dc43093ef1b4a7ca30fe6c9036e68fbe2d66c5798fd0780
[INFO] running `Command { std: "docker" "start" "-a" "3b2cd6485fabf77e7dc43093ef1b4a7ca30fe6c9036e68fbe2d66c5798fd0780", kill_on_drop: false }`
[INFO] [stderr]    Compiling libc v0.2.71
[INFO] [stderr]    Compiling proc-macro2 v1.0.10
[INFO] [stderr]    Compiling syn v1.0.17
[INFO] [stderr]    Compiling autocfg v1.0.0
[INFO] [stderr]    Compiling serde v1.0.106
[INFO] [stderr]    Compiling byteorder v1.3.4
[INFO] [stderr]    Compiling typenum v1.11.2
[INFO] [stderr]    Compiling rand_core v0.4.2
[INFO] [stderr]    Compiling memchr v2.3.3
[INFO] [stderr]    Compiling num-traits v0.2.11
[INFO] [stderr]    Compiling thread_local v1.0.1
[INFO] [stderr]    Compiling rand_core v0.3.1
[INFO] [stderr]    Compiling regex-syntax v0.6.17
[INFO] [stderr]    Compiling aho-corasick v0.7.10
[INFO] [stderr]    Compiling rand_chacha v0.1.1
[INFO] [stderr]    Compiling rand_pcg v0.1.2
[INFO] [stderr]    Compiling num-integer v0.1.42
[INFO] [stderr]    Compiling rand v0.6.5
[INFO] [stderr]    Compiling quote v1.0.3
[INFO] [stderr]    Compiling rand_hc v0.1.0
[INFO] [stderr]    Compiling rand_xorshift v0.1.1
[INFO] [stderr]    Compiling rand_isaac v0.1.1
[INFO] [stderr]    Compiling rand_jitter v0.1.4
[INFO] [stderr]    Compiling siphasher v0.2.3
[INFO] [stderr]    Compiling string_cache_shared v0.3.0
[INFO] [stderr]     Checking unic-common v0.9.0
[INFO] [stderr]    Compiling rand_os v0.1.3
[INFO] [stderr]    Compiling phf_shared v0.7.24
[INFO] [stderr]     Checking unic-ucd-version v0.9.0
[INFO] [stderr]    Compiling num-bigint v0.2.6
[INFO] [stderr]     Checking unic-char-range v0.9.0
[INFO] [stderr]    Compiling cc v1.0.50
[INFO] [stderr]    Compiling byte-tools v0.3.1
[INFO] [stderr]    Compiling block-padding v0.1.5
[INFO] [stderr]     Checking unic-char-property v0.9.0
[INFO] [stderr]    Compiling generic-array v0.12.3
[INFO] [stderr]    Compiling dirs v1.0.5
[INFO] [stderr]    Compiling either v1.5.3
[INFO] [stderr]    Compiling log v0.4.8
[INFO] [stderr]    Compiling itertools v0.8.2
[INFO] [stderr]    Compiling block-buffer v0.7.3
[INFO] [stderr]    Compiling digest v0.8.1
[INFO] [stderr]    Compiling term v0.5.2
[INFO] [stderr]    Compiling regex v1.3.6
[INFO] [stderr]    Compiling phf_generator v0.7.24
[INFO] [stderr]    Compiling string_cache_codegen v0.4.4
[INFO] [stderr]    Compiling opaque-debug v0.2.3
[INFO] [stderr]    Compiling new_debug_unreachable v1.0.4
[INFO] [stderr]    Compiling bit-vec v0.5.1
[INFO] [stderr]    Compiling strsim v0.9.3
[INFO] [stderr]    Compiling fixedbitset v0.1.9
[INFO] [stderr]    Compiling fake-simd v0.1.2
[INFO] [stderr]    Compiling ordermap v0.3.5
[INFO] [stderr]    Compiling precomputed-hash v0.1.1
[INFO] [stderr]    Compiling sha2 v0.8.1
[INFO] [stderr]    Compiling bit-set v0.5.1
[INFO] [stderr]    Compiling string_cache v0.7.5
[INFO] [stderr]    Compiling ascii-canvas v2.0.0
[INFO] [stderr]    Compiling ena v0.13.1
[INFO] [stderr]    Compiling petgraph v0.4.13
[INFO] [stderr]    Compiling atty v0.2.14
[INFO] [stderr]    Compiling num-complex v0.2.4
[INFO] [stderr]    Compiling diff v0.1.12
[INFO] [stderr]    Compiling lalrpop-util v0.17.2
[INFO] [stderr]    Compiling getrandom v0.1.14
[INFO] [stderr]    Compiling indexmap v1.3.2
[INFO] [stderr]    Compiling backtrace-sys v0.1.35
[INFO] [stderr]    Compiling pkg-config v0.3.17
[INFO] [stderr]    Compiling ryu v1.0.3
[INFO] [stderr]     Checking quick-error v1.2.3
[INFO] [stderr]     Checking rand_core v0.5.1
[INFO] [stderr]    Compiling arrayvec v0.4.12
[INFO] [stderr]    Compiling byteorder v0.5.3
[INFO] [stderr]    Compiling libz-sys v1.0.25
[INFO] [stderr]    Compiling failure_derive v0.1.7
[INFO] [stderr]    Compiling proc-macro-hack v0.5.15
[INFO] [stderr]     Checking smallvec v1.4.0
[INFO] [stderr]    Compiling lz4-compress v0.1.1
[INFO] [stderr]     Checking rand_chacha v0.2.2
[INFO] [stderr]    Compiling unic-emoji-char v0.9.0
[INFO] [stderr]    Compiling unic-ucd-ident v0.9.0
[INFO] [stderr]    Compiling lexical-core v0.6.2
[INFO] [stderr]    Compiling bitflags v1.2.1
[INFO] [stderr]     Checking unicode-width v0.1.7
[INFO] [stderr]    Compiling nix v0.17.0
[INFO] [stderr]     Checking semver-parser v0.7.0
[INFO] [stderr]    Compiling unicode_names2 v0.4.0
[INFO] [stderr]    Compiling synstructure v0.12.3
[INFO] [stderr]    Compiling build_const v0.2.1
[INFO] [stderr]    Compiling crc v1.8.1
[INFO] [stderr]    Compiling pmutil v0.5.3
[INFO] [stderr]     Checking semver v0.9.0
[INFO] [stderr]    Compiling python3-sys v0.2.1
[INFO] [stderr]    Compiling caseless v0.2.1
[INFO] [stderr]     Checking backtrace v0.3.41
[INFO] [stderr]     Checking rand v0.7.3
[INFO] [stderr]    Compiling rustc_version_runtime v0.1.5
[INFO] [stderr]    Compiling lexical v4.0.0
[INFO] [stderr]     Checking unic-ucd-hangul v0.9.0
[INFO] [stderr]     Checking regex-automata v0.1.9
[INFO] [stderr]     Checking dirs-sys v0.3.4
[INFO] [stderr]    Compiling num-rational v0.2.4
[INFO] [stderr]    Compiling num-iter v0.1.40
[INFO] [stderr]    Compiling crossbeam-utils v0.7.2
[INFO] [stderr]     Checking instant v0.1.4
[INFO] [stderr]     Checking subtle v1.0.0
[INFO] [stderr]     Checking void v1.0.2
[INFO] [stderr]    Compiling arrayvec v0.5.1
[INFO] [stderr]     Checking static_assertions v0.3.4
[INFO] [stderr]    Compiling Inflector v0.11.4
[INFO] [stderr]     Checking lock_api v0.4.0
[INFO] [stderr]     Checking crypto-mac v0.7.0
[INFO] [stderr]     Checking parking_lot_core v0.8.0
[INFO] [stderr]     Checking dirs v2.0.1
[INFO] [stderr] error: failed to run custom build command for `rustc_version_runtime v0.1.5`
[INFO] [stderr] note: To improve backtraces for build dependencies, set the CARGO_PROFILE_DEV_BUILD_OVERRIDE_DEBUG=true environment variable to enable debug information generation.
[INFO] [stderr] 
[INFO] [stderr] Caused by:
[INFO] [stderr]   process didn't exit successfully: `/opt/rustwide/target/debug/build/rustc_version_runtime-fc4f1285a862b0fc/build-script-build` (exit status: 101)
[INFO] [stderr]   --- stderr
[INFO] [stderr]   thread 'main' panicked at 'called `Result::unwrap()` on an `Err` value: Os { code: 30, kind: ReadOnlyFilesystem, message: "Read-only file system" }', /opt/rustwide/cargo-home/registry/src/index.crates.io-6f17d22bba15001f/rustc_version_runtime-0.1.5/build.rs:27:48
[INFO] [stderr]   stack backtrace:
[INFO] [stderr]      0:     0x555859786141 - std::backtrace_rs::backtrace::libunwind::trace::h036e87df56fc4b9d
[INFO] [stderr]                                  at /rustc/9610dfe5a9a731ced1ea4923ecbd0c57fe367898/library/std/src/../../backtrace/src/backtrace/libunwind.rs:93:5
[INFO] [stderr]      1:     0x555859786141 - std::backtrace_rs::backtrace::trace_unsynchronized::hd61eb2dbd6ae476a
[INFO] [stderr]                                  at /rustc/9610dfe5a9a731ced1ea4923ecbd0c57fe367898/library/std/src/../../backtrace/src/backtrace/mod.rs:66:5
[INFO] [stderr]      2:     0x555859786141 - std::sys_common::backtrace::_print_fmt::h00c50d0875db23c9
[INFO] [stderr]                                  at /rustc/9610dfe5a9a731ced1ea4923ecbd0c57fe367898/library/std/src/sys_common/backtrace.rs:65:5
[INFO] [stderr]      3:     0x555859786141 - <std::sys_common::backtrace::_print::DisplayBacktrace as core::fmt::Display>::fmt::h63195ab2dde77ccc
[INFO] [stderr]                                  at /rustc/9610dfe5a9a731ced1ea4923ecbd0c57fe367898/library/std/src/sys_common/backtrace.rs:44:22
[INFO] [stderr]      4:     0x5558597a571f - core::fmt::rt::Argument::fmt::h83f4110348c688f4
[INFO] [stderr]                                  at /rustc/9610dfe5a9a731ced1ea4923ecbd0c57fe367898/library/core/src/fmt/rt.rs:138:9
[INFO] [stderr]      5:     0x5558597a571f - core::fmt::write::h509367dd365f983a
[INFO] [stderr]                                  at /rustc/9610dfe5a9a731ced1ea4923ecbd0c57fe367898/library/core/src/fmt/mod.rs:1094:21
[INFO] [stderr]      6:     0x555859784001 - std::io::Write::write_fmt::h8e60bfebdaabfee5
[INFO] [stderr]                                  at /rustc/9610dfe5a9a731ced1ea4923ecbd0c57fe367898/library/std/src/io/mod.rs:1713:15
[INFO] [stderr]      7:     0x555859785f55 - std::sys_common::backtrace::_print::h96e550016098cde6
[INFO] [stderr]                                  at /rustc/9610dfe5a9a731ced1ea4923ecbd0c57fe367898/library/std/src/sys_common/backtrace.rs:47:5
[INFO] [stderr]      8:     0x555859785f55 - std::sys_common::backtrace::print::h7a049611b153a02e
[INFO] [stderr]                                  at /rustc/9610dfe5a9a731ced1ea4923ecbd0c57fe367898/library/std/src/sys_common/backtrace.rs:34:9
[INFO] [stderr]      9:     0x5558597872d7 - std::panicking::default_hook::{{closure}}::h1b023d46676794c4
[INFO] [stderr]     10:     0x5558597870c4 - std::panicking::default_hook::hea2961dabcf68e83
[INFO] [stderr]                                  at /rustc/9610dfe5a9a731ced1ea4923ecbd0c57fe367898/library/std/src/panicking.rs:288:9
[INFO] [stderr]     11:     0x55585978778c - std::panicking::rust_panic_with_hook::h4285c91a8168b001
[INFO] [stderr]                                  at /rustc/9610dfe5a9a731ced1ea4923ecbd0c57fe367898/library/std/src/panicking.rs:705:13
[INFO] [stderr]     12:     0x555859787687 - std::panicking::begin_panic_handler::{{closure}}::h6ebd0d46f0c6b010
[INFO] [stderr]                                  at /rustc/9610dfe5a9a731ced1ea4923ecbd0c57fe367898/library/std/src/panicking.rs:597:13
[INFO] [stderr]     13:     0x555859786576 - std::sys_common::backtrace::__rust_end_short_backtrace::h92042d128576b63a
[INFO] [stderr]                                  at /rustc/9610dfe5a9a731ced1ea4923ecbd0c57fe367898/library/std/src/sys_common/backtrace.rs:151:18
[INFO] [stderr]     14:     0x5558597873d2 - rust_begin_unwind
[INFO] [stderr]                                  at /rustc/9610dfe5a9a731ced1ea4923ecbd0c57fe367898/library/std/src/panicking.rs:593:5
[INFO] [stderr]     15:     0x555859752ef3 - core::panicking::panic_fmt::h65404fc8061ee73a
[INFO] [stderr]                                  at /rustc/9610dfe5a9a731ced1ea4923ecbd0c57fe367898/library/core/src/panicking.rs:67:14
[INFO] [stderr]     16:     0x5558597532d3 - core::result::unwrap_failed::h32fb969d6bae75cc
[INFO] [stderr]                                  at /rustc/9610dfe5a9a731ced1ea4923ecbd0c57fe367898/library/core/src/result.rs:1651:5
[INFO] [stderr]     17:     0x5558597569b4 - core::result::Result<T,E>::unwrap::h37ea3ba78fa3e502
[INFO] [stderr]     18:     0x555859754696 - build_script_build::main::h58e1dd303b9aa634
[INFO] [stderr]     19:     0x555859753f03 - core::ops::function::FnOnce::call_once::h7275c73078efe910
[INFO] [stderr]     20:     0x555859754156 - std::sys_common::backtrace::__rust_begin_short_backtrace::hee8c7fbff766be87
[INFO] [stderr]     21:     0x555859753ed9 - std::rt::lang_start::{{closure}}::hd17e996b63e437b5
[INFO] [stderr]     22:     0x5558597814d5 - core::ops::function::impls::<impl core::ops::function::FnOnce<A> for &F>::call_once::h49ef85a8a8d45198
[INFO] [stderr]                                  at /rustc/9610dfe5a9a731ced1ea4923ecbd0c57fe367898/library/core/src/ops/function.rs:284:13
[INFO] [stderr]     23:     0x5558597814d5 - std::panicking::try::do_call::ha1def14af693a135
[INFO] [stderr]                                  at /rustc/9610dfe5a9a731ced1ea4923ecbd0c57fe367898/library/std/src/panicking.rs:500:40
[INFO] [stderr]     24:     0x5558597814d5 - std::panicking::try::haa3dc2a1139932e2
[INFO] [stderr]                                  at /rustc/9610dfe5a9a731ced1ea4923ecbd0c57fe367898/library/std/src/panicking.rs:464:19
[INFO] [stderr]     25:     0x5558597814d5 - std::panic::catch_unwind::h9d9cbebaf9f15c67
[INFO] [stderr]                                  at /rustc/9610dfe5a9a731ced1ea4923ecbd0c57fe367898/library/std/src/panic.rs:142:14
[INFO] [stderr]     26:     0x5558597814d5 - std::rt::lang_start_internal::{{closure}}::hf660a772669a69cc
[INFO] [stderr]                                  at /rustc/9610dfe5a9a731ced1ea4923ecbd0c57fe367898/library/std/src/rt.rs:148:48
[INFO] [stderr]     27:     0x5558597814d5 - std::panicking::try::do_call::hb1c34715bb9b1c46
[INFO] [stderr]                                  at /rustc/9610dfe5a9a731ced1ea4923ecbd0c57fe367898/library/std/src/panicking.rs:500:40
[INFO] [stderr]     28:     0x5558597814d5 - std::panicking::try::h499866fd990da8f1
[INFO] [stderr]                                  at /rustc/9610dfe5a9a731ced1ea4923ecbd0c57fe367898/library/std/src/panicking.rs:464:19
[INFO] [stderr]     29:     0x5558597814d5 - std::panic::catch_unwind::hac1ffec55b72e7bc
[INFO] [stderr]                                  at /rustc/9610dfe5a9a731ced1ea4923ecbd0c57fe367898/library/std/src/panic.rs:142:14
[INFO] [stderr]     30:     0x5558597814d5 - std::rt::lang_start_internal::h0fecf91cd579e7b6
[INFO] [stderr]                                  at /rustc/9610dfe5a9a731ced1ea4923ecbd0c57fe367898/library/std/src/rt.rs:148:20
[INFO] [stderr]     31:     0x555859753eb7 - std::rt::lang_start::h3266d6e1643a8c88
[INFO] [stderr]     32:     0x555859755705 - main
[INFO] [stderr]     33:     0x7f131f181d90 - <unknown>
[INFO] [stderr]     34:     0x7f131f181e40 - __libc_start_main
[INFO] [stderr]     35:     0x555859753555 - _start
[INFO] [stderr]     36:                0x0 - <unknown>
[INFO] [stderr] warning: build failed, waiting for other jobs to finish...
[INFO] [stdout] error[E0308]: mismatched types
[INFO] [stdout]   --> /opt/rustwide/cargo-home/registry/src/index.crates.io-6f17d22bba15001f/lexical-core-0.6.2/src/atof/algorithm/bhcomp.rs:62:24
[INFO] [stdout]    |
[INFO] [stdout] 62 |     let bytes = bits / Limb::BITS;
[INFO] [stdout]    |                        ^^^^^^^^^^ expected `usize`, found `u32`
[INFO] [stdout] 
[INFO] [stdout] 
[INFO] [stdout] error[E0277]: cannot divide `usize` by `u32`
[INFO] [stdout]   --> /opt/rustwide/cargo-home/registry/src/index.crates.io-6f17d22bba15001f/lexical-core-0.6.2/src/atof/algorithm/bhcomp.rs:62:22
[INFO] [stdout]    |
[INFO] [stdout] 62 |     let bytes = bits / Limb::BITS;
[INFO] [stdout]    |                      ^ no implementation for `usize / u32`
[INFO] [stdout]    |
[INFO] [stdout]    = help: the trait `Div<u32>` is not implemented for `usize`
[INFO] [stdout]    = help: the following other types implement trait `Div<Rhs>`:
[INFO] [stdout]              <&'a usize as Div<usize>>
[INFO] [stdout]              <&usize as Div<&usize>>
[INFO] [stdout]              <usize as Div<&usize>>
[INFO] [stdout]              <usize as Div<NonZeroUsize>>
[INFO] [stdout]              <usize as Div>
[INFO] [stdout] 
[INFO] [stdout] 
[INFO] [stdout] error[E0308]: mismatched types
[INFO] [stdout]    --> /opt/rustwide/cargo-home/registry/src/index.crates.io-6f17d22bba15001f/lexical-core-0.6.2/src/atof/algorithm/bigcomp.rs:158:55
[INFO] [stdout]     |
[INFO] [stdout] 158 |     let nlz = den.leading_zeros().wrapping_sub(wlz) & (u32::BITS - 1);
[INFO] [stdout]     |                                                       ^^^^^^^^^^^^^^^ expected `usize`, found `u32`
[INFO] [stdout] 
[INFO] [stdout] 
[INFO] [stdout] error[E0277]: no implementation for `usize & u32`
[INFO] [stdout]    --> /opt/rustwide/cargo-home/registry/src/index.crates.io-6f17d22bba15001f/lexical-core-0.6.2/src/atof/algorithm/bigcomp.rs:158:53
[INFO] [stdout]     |
[INFO] [stdout] 158 |     let nlz = den.leading_zeros().wrapping_sub(wlz) & (u32::BITS - 1);
[INFO] [stdout]     |                                                     ^ no implementation for `usize & u32`
[INFO] [stdout]     |
[INFO] [stdout]     = help: the trait `BitAnd<u32>` is not implemented for `usize`
[INFO] [stdout]     = help: the following other types implement trait `BitAnd<Rhs>`:
[INFO] [stdout]               <&'a usize as BitAnd<usize>>
[INFO] [stdout]               <&usize as BitAnd<&usize>>
[INFO] [stdout]               <usize as BitAnd<&usize>>
[INFO] [stdout]               <usize as BitAnd>
[INFO] [stdout] 
[INFO] [stdout] 
[INFO] [stdout] error[E0308]: mismatched types
[INFO] [stdout]    --> /opt/rustwide/cargo-home/registry/src/index.crates.io-6f17d22bba15001f/lexical-core-0.6.2/src/atof/algorithm/bigcomp.rs:176:40
[INFO] [stdout]     |
[INFO] [stdout] 176 |         let (q, r) = shift.ceil_divmod(Limb::BITS);
[INFO] [stdout]     |                            ----------- ^^^^^^^^^^ expected `usize`, found `u32`
[INFO] [stdout]     |                            |
[INFO] [stdout]     |                            arguments to this method are incorrect
[INFO] [stdout]     |
[INFO] [stdout] help: the return type of this call is `u32` due to the type of the argument passed
[INFO] [stdout]    --> /opt/rustwide/cargo-home/registry/src/index.crates.io-6f17d22bba15001f/lexical-core-0.6.2/src/atof/algorithm/bigcomp.rs:176:22
[INFO] [stdout]     |
[INFO] [stdout] 176 |         let (q, r) = shift.ceil_divmod(Limb::BITS);
[INFO] [stdout]     |                      ^^^^^^^^^^^^^^^^^^----------^
[INFO] [stdout]     |                                        |
[INFO] [stdout]     |                                        this argument influences the return type of `ceil_divmod`
[INFO] [stdout] note: method defined here
[INFO] [stdout]    --> /opt/rustwide/cargo-home/registry/src/index.crates.io-6f17d22bba15001f/lexical-core-0.6.2/src/util/num.rs:209:8
[INFO] [stdout]     |
[INFO] [stdout] 209 |     fn ceil_divmod(self, y: Self) -> (Self, i32) {
[INFO] [stdout]     |        ^^^^^^^^^^^       -------
[INFO] [stdout] help: you can convert a `u32` to a `usize` and panic if the converted value doesn't fit
[INFO] [stdout]     |
[INFO] [stdout] 176 |         let (q, r) = shift.ceil_divmod(Limb::BITS.try_into().unwrap());
[INFO] [stdout]     |                                                  ++++++++++++++++++++
[INFO] [stdout] 
[INFO] [stdout] 
[INFO] [stdout] error[E0308]: mismatched types
[INFO] [stdout]     --> /opt/rustwide/cargo-home/registry/src/index.crates.io-6f17d22bba15001f/lexical-core-0.6.2/src/atof/algorithm/math.rs:1049:42
[INFO] [stdout]      |
[INFO] [stdout] 1049 |     let mut count = index.saturating_mul(Limb::BITS);
[INFO] [stdout]      |                           -------------- ^^^^^^^^^^ expected `usize`, found `u32`
[INFO] [stdout]      |                           |
[INFO] [stdout]      |                           arguments to this method are incorrect
[INFO] [stdout]      |
[INFO] [stdout] note: method defined here
[INFO] [stdout]     --> /rustc/9610dfe5a9a731ced1ea4923ecbd0c57fe367898/library/core/src/num/mod.rs:1274:5
[INFO] [stdout]      = note: this error originates in the macro `uint_impl` (in Nightly builds, run with -Z macro-backtrace for more info)
[INFO] [stdout] help: you can convert a `u32` to a `usize` and panic if the converted value doesn't fit
[INFO] [stdout]      |
[INFO] [stdout] 1049 |     let mut count = index.saturating_mul(Limb::BITS.try_into().unwrap());
[INFO] [stdout]      |                                                    ++++++++++++++++++++
[INFO] [stdout] 
[INFO] [stdout] 
[INFO] [stdout] error[E0308]: mismatched types
[INFO] [stdout]     --> /opt/rustwide/cargo-home/registry/src/index.crates.io-6f17d22bba15001f/lexical-core-0.6.2/src/atof/algorithm/math.rs:1064:28
[INFO] [stdout]      |
[INFO] [stdout] 1064 |     Limb::BITS.checked_mul(x.len())
[INFO] [stdout]      |                ----------- ^^^^^^^ expected `u32`, found `usize`
[INFO] [stdout]      |                |
[INFO] [stdout]      |                arguments to this method are incorrect
[INFO] [stdout]      |
[INFO] [stdout] note: method defined here
[INFO] [stdout]     --> /rustc/9610dfe5a9a731ced1ea4923ecbd0c57fe367898/library/core/src/num/mod.rs:1150:5
[INFO] [stdout]      = note: this error originates in the macro `uint_impl` (in Nightly builds, run with -Z macro-backtrace for more info)
[INFO] [stdout] help: you can convert a `usize` to a `u32` and panic if the converted value doesn't fit
[INFO] [stdout]      |
[INFO] [stdout] 1064 |     Limb::BITS.checked_mul(x.len().try_into().unwrap())
[INFO] [stdout]      |                                   ++++++++++++++++++++
[INFO] [stdout] 
[INFO] [stdout] 
[INFO] [stdout] error[E0308]: mismatched types
[INFO] [stdout]     --> /opt/rustwide/cargo-home/registry/src/index.crates.io-6f17d22bba15001f/lexical-core-0.6.2/src/atof/algorithm/math.rs:1065:22
[INFO] [stdout]      |
[INFO] [stdout] 1065 |         .map(|v| v - nlz)
[INFO] [stdout]      |                      ^^^ expected `u32`, found `usize`
[INFO] [stdout] 
[INFO] [stdout] 
[INFO] [stdout] error[E0277]: cannot subtract `usize` from `u32`
[INFO] [stdout]     --> /opt/rustwide/cargo-home/registry/src/index.crates.io-6f17d22bba15001f/lexical-core-0.6.2/src/atof/algorithm/math.rs:1065:20
[INFO] [stdout]      |
[INFO] [stdout] 1065 |         .map(|v| v - nlz)
[INFO] [stdout]      |                    ^ no implementation for `u32 - usize`
[INFO] [stdout]      |
[INFO] [stdout]      = help: the trait `Sub<usize>` is not implemented for `u32`
[INFO] [stdout]      = help: the following other types implement trait `Sub<Rhs>`:
[INFO] [stdout]                <&'a u32 as Sub<u32>>
[INFO] [stdout]                <&u32 as Sub<&u32>>
[INFO] [stdout]                <u32 as Sub<&u32>>
[INFO] [stdout]                <u32 as Sub>
[INFO] [stdout] 
[INFO] [stdout] 
[INFO] [stdout] error[E0308]: mismatched types
[INFO] [stdout]     --> /opt/rustwide/cargo-home/registry/src/index.crates.io-6f17d22bba15001f/lexical-core-0.6.2/src/atof/algorithm/math.rs:1066:20
[INFO] [stdout]      |
[INFO] [stdout] 1066 |         .unwrap_or(usize::max_value())
[INFO] [stdout]      |          --------- ^^^^^^^^^^^^^^^^^^ expected `u32`, found `usize`
[INFO] [stdout]      |          |
[INFO] [stdout]      |          arguments to this method are incorrect
[INFO] [stdout]      |
[INFO] [stdout] help: the return type of this call is `usize` due to the type of the argument passed
[INFO] [stdout]     --> /opt/rustwide/cargo-home/registry/src/index.crates.io-6f17d22bba15001f/lexical-core-0.6.2/src/atof/algorithm/math.rs:1064:5
[INFO] [stdout]      |
[INFO] [stdout] 1064 | /     Limb::BITS.checked_mul(x.len())
[INFO] [stdout] 1065 | |         .map(|v| v - nlz)
[INFO] [stdout] 1066 | |         .unwrap_or(usize::max_value())
[INFO] [stdout]      | |____________________------------------^
[INFO] [stdout]      |                      |
[INFO] [stdout]      |                      this argument influences the return type of `unwrap_or`
[INFO] [stdout] note: method defined here
[INFO] [stdout]     --> /rustc/9610dfe5a9a731ced1ea4923ecbd0c57fe367898/library/core/src/option.rs:955:12
[INFO] [stdout] help: you can convert a `usize` to a `u32` and panic if the converted value doesn't fit
[INFO] [stdout]      |
[INFO] [stdout] 1066 |         .unwrap_or(usize::max_value().try_into().unwrap())
[INFO] [stdout]      |                                      ++++++++++++++++++++
[INFO] [stdout] 
[INFO] [stdout] 
[INFO] [stdout] error[E0308]: mismatched types
[INFO] [stdout]     --> /opt/rustwide/cargo-home/registry/src/index.crates.io-6f17d22bba15001f/lexical-core-0.6.2/src/atof/algorithm/math.rs:1064:5
[INFO] [stdout]      |
[INFO] [stdout] 1060 |   pub fn bit_length(x: &[Limb]) -> usize {
[INFO] [stdout]      |                                    ----- expected `usize` because of return type
[INFO] [stdout] ...
[INFO] [stdout] 1064 | /     Limb::BITS.checked_mul(x.len())
[INFO] [stdout] 1065 | |         .map(|v| v - nlz)
[INFO] [stdout] 1066 | |         .unwrap_or(usize::max_value())
[INFO] [stdout]      | |______________________________________^ expected `usize`, found `u32`
[INFO] [stdout]      |
[INFO] [stdout] help: you can convert a `u32` to a `usize` and panic if the converted value doesn't fit
[INFO] [stdout]      |
[INFO] [stdout] 1066 |         .unwrap_or(usize::max_value()).try_into().unwrap()
[INFO] [stdout]      |                                       ++++++++++++++++++++
[INFO] [stdout] 
[INFO] [stdout] 
[INFO] [stdout] error[E0308]: mismatched types
[INFO] [stdout]     --> /opt/rustwide/cargo-home/registry/src/index.crates.io-6f17d22bba15001f/lexical-core-0.6.2/src/atof/algorithm/math.rs:1091:23
[INFO] [stdout]      |
[INFO] [stdout] 1091 |     debug_assert!(n < bits && n != 0);
[INFO] [stdout]      |                   -   ^^^^ expected `usize`, found `u32`
[INFO] [stdout]      |                   |
[INFO] [stdout]      |                   expected because this is `usize`
[INFO] [stdout]      |
[INFO] [stdout] help: you can convert a `u32` to a `usize` and panic if the converted value doesn't fit
[INFO] [stdout]      |
[INFO] [stdout] 1091 |     debug_assert!(n < bits.try_into().unwrap() && n != 0);
[INFO] [stdout]      |                           ++++++++++++++++++++
[INFO] [stdout] 
[INFO] [stdout] 
[INFO] [stdout] error[E0308]: mismatched types
[INFO] [stdout]     --> /opt/rustwide/cargo-home/registry/src/index.crates.io-6f17d22bba15001f/lexical-core-0.6.2/src/atof/algorithm/math.rs:1098:25
[INFO] [stdout]      |
[INFO] [stdout] 1098 |     let lshift = bits - n;
[INFO] [stdout]      |                         ^ expected `u32`, found `usize`
[INFO] [stdout] 
[INFO] [stdout] 
[INFO] [stdout] error[E0277]: cannot subtract `usize` from `u32`
[INFO] [stdout]     --> /opt/rustwide/cargo-home/registry/src/index.crates.io-6f17d22bba15001f/lexical-core-0.6.2/src/atof/algorithm/math.rs:1098:23
[INFO] [stdout]      |
[INFO] [stdout] 1098 |     let lshift = bits - n;
[INFO] [stdout]      |                       ^ no implementation for `u32 - usize`
[INFO] [stdout]      |
[INFO] [stdout]      = help: the trait `Sub<usize>` is not implemented for `u32`
[INFO] [stdout]      = help: the following other types implement trait `Sub<Rhs>`:
[INFO] [stdout]                <&'a u32 as Sub<u32>>
[INFO] [stdout]                <&u32 as Sub<&u32>>
[INFO] [stdout]                <u32 as Sub<&u32>>
[INFO] [stdout]                <u32 as Sub>
[INFO] [stdout] 
[INFO] [stdout] 
[INFO] [stdout] error[E0308]: mismatched types
[INFO] [stdout]     --> /opt/rustwide/cargo-home/registry/src/index.crates.io-6f17d22bba15001f/lexical-core-0.6.2/src/atof/algorithm/math.rs:1140:19
[INFO] [stdout]      |
[INFO] [stdout] 1140 |     let rem = n % bits;
[INFO] [stdout]      |                   ^^^^ expected `usize`, found `u32`
[INFO] [stdout] 
[INFO] [stdout] 
[INFO] [stdout] error[E0277]: cannot calculate the remainder of `usize` divided by `u32`
[INFO] [stdout]     --> /opt/rustwide/cargo-home/registry/src/index.crates.io-6f17d22bba15001f/lexical-core-0.6.2/src/atof/algorithm/math.rs:1140:17
[INFO] [stdout]      |
[INFO] [stdout] 1140 |     let rem = n % bits;
[INFO] [stdout]      |                 ^ no implementation for `usize % u32`
[INFO] [stdout]      |
[INFO] [stdout]      = help: the trait `Rem<u32>` is not implemented for `usize`
[INFO] [stdout]      = help: the following other types implement trait `Rem<Rhs>`:
[INFO] [stdout]                <&'a usize as Rem<usize>>
[INFO] [stdout]                <&usize as Rem<&usize>>
[INFO] [stdout]                <usize as Rem<&usize>>
[INFO] [stdout]                <usize as Rem<NonZeroUsize>>
[INFO] [stdout]                <usize as Rem>
[INFO] [stdout] 
[INFO] [stdout] 
[INFO] [stdout] error[E0308]: mismatched types
[INFO] [stdout]     --> /opt/rustwide/cargo-home/registry/src/index.crates.io-6f17d22bba15001f/lexical-core-0.6.2/src/atof/algorithm/math.rs:1141:19
[INFO] [stdout]      |
[INFO] [stdout] 1141 |     let div = n / bits;
[INFO] [stdout]      |                   ^^^^ expected `usize`, found `u32`
[INFO] [stdout] 
[INFO] [stdout] 
[INFO] [stdout] error[E0277]: cannot divide `usize` by `u32`
[INFO] [stdout]     --> /opt/rustwide/cargo-home/registry/src/index.crates.io-6f17d22bba15001f/lexical-core-0.6.2/src/atof/algorithm/math.rs:1141:17
[INFO] [stdout]      |
[INFO] [stdout] 1141 |     let div = n / bits;
[INFO] [stdout]      |                 ^ no implementation for `usize / u32`
[INFO] [stdout]      |
[INFO] [stdout]      = help: the trait `Div<u32>` is not implemented for `usize`
[INFO] [stdout]      = help: the following other types implement trait `Div<Rhs>`:
[INFO] [stdout]                <&'a usize as Div<usize>>
[INFO] [stdout]                <&usize as Div<&usize>>
[INFO] [stdout]                <usize as Div<&usize>>
[INFO] [stdout]                <usize as Div<NonZeroUsize>>
[INFO] [stdout]                <usize as Div>
[INFO] [stdout] 
[INFO] [stdout] 
[INFO] [stdout] error[E0308]: mismatched types
[INFO] [stdout]     --> /opt/rustwide/cargo-home/registry/src/index.crates.io-6f17d22bba15001f/lexical-core-0.6.2/src/atof/algorithm/math.rs:1197:23
[INFO] [stdout]      |
[INFO] [stdout] 1197 |     debug_assert!(n < bits);
[INFO] [stdout]      |                   -   ^^^^ expected `usize`, found `u32`
[INFO] [stdout]      |                   |
[INFO] [stdout]      |                   expected because this is `usize`
[INFO] [stdout]      |
[INFO] [stdout] help: you can convert a `u32` to a `usize` and panic if the converted value doesn't fit
[INFO] [stdout]      |
[INFO] [stdout] 1197 |     debug_assert!(n < bits.try_into().unwrap());
[INFO] [stdout]      |                           ++++++++++++++++++++
[INFO] [stdout] 
[INFO] [stdout] 
[INFO] [stdout] error[E0308]: mismatched types
[INFO] [stdout]     --> /opt/rustwide/cargo-home/registry/src/index.crates.io-6f17d22bba15001f/lexical-core-0.6.2/src/atof/algorithm/math.rs:1207:25
[INFO] [stdout]      |
[INFO] [stdout] 1207 |     let rshift = bits - n;
[INFO] [stdout]      |                         ^ expected `u32`, found `usize`
[INFO] [stdout] 
[INFO] [stdout] 
[INFO] [stdout] error[E0277]: cannot subtract `usize` from `u32`
[INFO] [stdout]     --> /opt/rustwide/cargo-home/registry/src/index.crates.io-6f17d22bba15001f/lexical-core-0.6.2/src/atof/algorithm/math.rs:1207:23
[INFO] [stdout]      |
[INFO] [stdout] 1207 |     let rshift = bits - n;
[INFO] [stdout]      |                       ^ no implementation for `u32 - usize`
[INFO] [stdout]      |
[INFO] [stdout]      = help: the trait `Sub<usize>` is not implemented for `u32`
[INFO] [stdout]      = help: the following other types implement trait `Sub<Rhs>`:
[INFO] [stdout]                <&'a u32 as Sub<u32>>
[INFO] [stdout]                <&u32 as Sub<&u32>>
[INFO] [stdout]                <u32 as Sub<&u32>>
[INFO] [stdout]                <u32 as Sub>
[INFO] [stdout] 
[INFO] [stdout] 
[INFO] [stdout] error[E0308]: mismatched types
[INFO] [stdout]     --> /opt/rustwide/cargo-home/registry/src/index.crates.io-6f17d22bba15001f/lexical-core-0.6.2/src/atof/algorithm/math.rs:1259:19
[INFO] [stdout]      |
[INFO] [stdout] 1259 |     let rem = n % bits;
[INFO] [stdout]      |                   ^^^^ expected `usize`, found `u32`
[INFO] [stdout] 
[INFO] [stdout] 
[INFO] [stdout] error[E0277]: cannot calculate the remainder of `usize` divided by `u32`
[INFO] [stdout]     --> /opt/rustwide/cargo-home/registry/src/index.crates.io-6f17d22bba15001f/lexical-core-0.6.2/src/atof/algorithm/math.rs:1259:17
[INFO] [stdout]      |
[INFO] [stdout] 1259 |     let rem = n % bits;
[INFO] [stdout]      |                 ^ no implementation for `usize % u32`
[INFO] [stdout]      |
[INFO] [stdout]      = help: the trait `Rem<u32>` is not implemented for `usize`
[INFO] [stdout]      = help: the following other types implement trait `Rem<Rhs>`:
[INFO] [stdout]                <&'a usize as Rem<usize>>
[INFO] [stdout]                <&usize as Rem<&usize>>
[INFO] [stdout]                <usize as Rem<&usize>>
[INFO] [stdout]                <usize as Rem<NonZeroUsize>>
[INFO] [stdout]                <usize as Rem>
[INFO] [stdout] 
[INFO] [stdout] 
[INFO] [stdout] error[E0308]: mismatched types
[INFO] [stdout]     --> /opt/rustwide/cargo-home/registry/src/index.crates.io-6f17d22bba15001f/lexical-core-0.6.2/src/atof/algorithm/math.rs:1260:19
[INFO] [stdout]      |
[INFO] [stdout] 1260 |     let div = n / bits;
[INFO] [stdout]      |                   ^^^^ expected `usize`, found `u32`
[INFO] [stdout] 
[INFO] [stdout] 
[INFO] [stdout] error[E0277]: cannot divide `usize` by `u32`
[INFO] [stdout]     --> /opt/rustwide/cargo-home/registry/src/index.crates.io-6f17d22bba15001f/lexical-core-0.6.2/src/atof/algorithm/math.rs:1260:17
[INFO] [stdout]      |
[INFO] [stdout] 1260 |     let div = n / bits;
[INFO] [stdout]      |                 ^ no implementation for `usize / u32`
[INFO] [stdout]      |
[INFO] [stdout]      = help: the trait `Div<u32>` is not implemented for `usize`
[INFO] [stdout]      = help: the following other types implement trait `Div<Rhs>`:
[INFO] [stdout]                <&'a usize as Div<usize>>
[INFO] [stdout]                <&usize as Div<&usize>>
[INFO] [stdout]                <usize as Div<&usize>>
[INFO] [stdout]                <usize as Div<NonZeroUsize>>
[INFO] [stdout]                <usize as Div>
[INFO] [stdout] 
[INFO] [stdout] 
[INFO] [stdout] error[E0308]: mismatched types
[INFO] [stdout]     --> /opt/rustwide/cargo-home/registry/src/index.crates.io-6f17d22bba15001f/lexical-core-0.6.2/src/atof/algorithm/math.rs:2071:27
[INFO] [stdout]      |
[INFO] [stdout] 2071 |     let rs = Limb::BITS - s;
[INFO] [stdout]      |                           ^ expected `u32`, found `usize`
[INFO] [stdout] 
[INFO] [stdout] 
[INFO] [stdout] error[E0277]: cannot subtract `usize` from `u32`
[INFO] [stdout]     --> /opt/rustwide/cargo-home/registry/src/index.crates.io-6f17d22bba15001f/lexical-core-0.6.2/src/atof/algorithm/math.rs:2071:25
[INFO] [stdout]      |
[INFO] [stdout] 2071 |     let rs = Limb::BITS - s;
[INFO] [stdout]      |                         ^ no implementation for `u32 - usize`
[INFO] [stdout]      |
[INFO] [stdout]      = help: the trait `Sub<usize>` is not implemented for `u32`
[INFO] [stdout]      = help: the following other types implement trait `Sub<Rhs>`:
[INFO] [stdout]                <&'a u32 as Sub<u32>>
[INFO] [stdout]                <&u32 as Sub<&u32>>
[INFO] [stdout]                <u32 as Sub<&u32>>
[INFO] [stdout]                <u32 as Sub>
[INFO] [stdout] 
[INFO] [stdout] 
[INFO] [stdout] error: aborting due to 27 previous errors
[INFO] [stdout] 
[INFO] [stdout] 
[INFO] [stdout] Some errors have detailed explanations: E0277, E0308.
[INFO] [stdout] 
[INFO] [stdout] For more information about an error, try `rustc --explain E0277`.
[INFO] [stdout] 
[INFO] [stderr] error: could not compile `lexical-core` (lib) due to 28 previous errors
[INFO] running `Command { std: "docker" "inspect" "3b2cd6485fabf77e7dc43093ef1b4a7ca30fe6c9036e68fbe2d66c5798fd0780", kill_on_drop: false }`
[INFO] running `Command { std: "docker" "rm" "-f" "3b2cd6485fabf77e7dc43093ef1b4a7ca30fe6c9036e68fbe2d66c5798fd0780", kill_on_drop: false }`
[INFO] [stdout] 3b2cd6485fabf77e7dc43093ef1b4a7ca30fe6c9036e68fbe2d66c5798fd0780
